culate the remainder when 31640 is divided by 1663.
43
Calculate the remainder when 390427 is divided by 141.
139
What is the remainder when 210012 is divided by 122?
50
What is the remainder when 66510 is divided by 7390?
0
Calculate the remainder when 100621 is divided by 625.
621
Calculate the remainder when 2740301 is divided by 28.
25
What is the remainder when 2110 is divided by 557?
439
Calculate the remainder when 9273 is divided by 619.
607
What is the remainder when 595817 is divided by 831?
821
Calculate the remainder when 57396 is divided by 361.
358
What is the remainder when 25766 is divided by 179?
169
What is the remainder when 276544 is divided by 71?
70
What is the remainder when 63841 is divided by 3038?
43
What is the remainder when 31430 is divided by 157?
30
Calculate the remainder when 98360 is divided by 683.
8
What is the remainder when 257285 is divided by 63?
56
What is the remainder when 109874 is divided by 2289?
2
Calculate the remainder when 45655 is divided by 9127.
20
What is the remainder when 58723 is divided by 78?
67
Calculate the remainder when 106630 is divided by 430.
420
What is the remainder when 3260 is divided by 1082?
14
What is the remainder when 16769 is divided by 2351?
312
Calculate the remainder when 133107 is divided by 226.
219
Calculate the remainder when 1310 is divided by 319.
34
Calculate the remainder when 14702 is divided by 85.
82
What is the remainder when 8429 is divided by 51?
14
What is the remainder when 128528 is divided by 10?
8
What is the remainder when 2200 is divided by 67?
56
Calculate the remainder when 126599 is divided by 422.
421
Calculate the remainder when 2972 is divided by 977.
41
What is the remainder when 6731 is divided by 3247?
237
What is the remainder when 21885 is divided by 14?
3
What is the remainder when 1136 is divided by 837?
299
Calculate the remainder when 603537 is divided by 420.
417
Calculate the remainder when 47410 is divided by 12.
10
What is the remainder when 90028 is divided by 61?
53
Calculate the remainder when 3776 is divided by 332.
124
What is the remainder when 1455 is divided by 114?
87
What is the remainder when 282169 is divided by 139?
138
Calculate the remainder when 3682 is divided by 502.
168
Calculate the remainder when 76422 is divided by 164.
162
Calculate the remainder when 3860 is divided by 133.
3
What is the remainder when 12639 is divided by 8?
7
Calculate the remainder when 669 is divided by 325.
19
Calculate the remainder when 27590 is divided by 2756.
30
What is the remainder when 200982 is divided by 1005?
987
What is the remainder when 61319 is divided by 14?
13
Calculate the remainder when 564 is divided by 279.
6
Calculate the remainder when 19299 is divided by 71.
58
Calculate the remainder when 24638 is divided by 29.
17
Calculate the remainder when 38587 is divided by 19284.
19
Calculate the remainder when 6937 is divided by 72.
25
Calculate the remainder when 8823812 is divided by 205.
202
What is the remainder when 1787 is divided by 61?
18
Calculate the remainder when 18753 is divided by 39.
33
Calculate the remainder when 8271 is divided by 1091.
634
What is the remainder when 15939 is divided by 678?
345
What is the remainder when 5686 is divided by 820?
766
What is the remainder when 5326 is divided by 50?
26
Calculate the remainder when 9076 is divided by 25.
1
Calculate the remainder when 4277 is divided by 150.
77
What is the remainder when 3732 is divided by 11?
3
Calculate the remainder when 21296 is divided by 27.
20
What is the remainder when 144660 is divided by 214?
210
Calculate the remainder when 37835 is divided by 676.
655
Calculate the remainder when 326 is divided by 93.
47
What is the remainder when 11879 is divided by 1009?
780
What is the remainder when 21976 is divided by 5494?
0
What is the remainder when 147826 is divided by 68?
62
Calculate the remainder when 522083 is divided by 16.
3
Calculate the remainder when 6294 is divided by 891.
57
Calculate the remainder when 7609 is divided by 1515.
34
Calculate the remainder when 17376 is divided by 1912.
168
What is the remainder when 2466096 is divided by 182?
178
What is the remainder when 43534 is divided by 1036?
22
What is the remainder when 9550 is divided by 177?
169
Calculate the remainder when 5213 is divided by 1039.
18
What is the remainder when 845492 is divided by 49?
46
Calculate the remainder when 5168 is divided by 75.
68
Calculate the remainder when 53487 is divided by 8913.
9
Calculate the remainder when 924415 is divided by 852.
847
Calculate the remainder when 286054 is divided by 36.
34
Calculate the remainder when 125526 is divided by 91.
37
What is the remainder when 8850 is divided by 77?
72
Calculate the remainder when 2412 is divided by 801.
9
Calculate the remainder when 7827819 is divided by 110.
109
What is the remainder when 1282 is divided by 355?
217
Calculate the remainder when 2432 is divided by 48.
32
Calculate the remainder when 115982 is divided by 147.
146
Calculate the remainder when 35343 is divided by 35263.
80
Calculate the remainder when 11175 is divided by 5561.
53
What is the remainder when 24697 is divided by 561?
13
Calculate the remainder when 25980 is divided by 101.
23
What is the remainder when 55554 is divided by 5050?
4
Calculate the remainder when 83544 is divided by 49.
48
Calculate the remainder when 31116 is divided by 183.
6
What is the remainder when 7819432 is divided by 2061?
2059
Calculate the remainder when 443463 is divided by 28.
27
Calculate the remainder when 1254 is divided by 140.
134
Calculate the remainder when 285004 is divided by 6.
4
Calculate the remainder when 258662 is divided by 10777.
14
Calculate the remainder when 51299 is divided by 827.
25
Calculate the remainder when 909 is divided by 513.
396
Calculate the remainder when 3394 is divided by 1537.
320
Calculate the remainder when 14062 is divided by 4683.
13
What is the remainder when 66425 is divided by 273?
86
What is the remainder when 243933 is divided by 81310?
3
Calculate the remainder when 5700 is divided by 33.
24
Calculate the remainder when 2447659 is divided by 85.
84
Calculate the remainder when 106340 is divided by 35443.
11
What is the remainder when 33347 is divided by 12?
11
What is the remainder when 452025 is divided by 50224?
9
Calculate the remainder when 197509 is divided by 35.
4
Calculate the remainder when 3685 is divided by 113.
69
What is the remainder when 8088 is divided by 1872?
600
What is the remainder when 5065 is divided by 280?
25
Calculate the remainder when 11891 is divided by 1009.
792
What is the remainder when 32111 is divided by 85?
66
Calculate the remainder when 32249 is divided by 32211.
38
Calculate the remainder when 641963 is divided by 183.
182
What is the remainder when 6729 is divided by 198?
195
What is the remainder when 81667 is divided by 168?
19
What is the remainder when 25968 is divided by 787?
784
Calculate the remainder when 39649 is divided by 19579.
491
What is the remainder when 31494 is divided by 508?
506
Calculate the remainder when 44848 is divided by 252.
244
What is the remainder when 591027 is divided by 37?
26
Calculate the remainder when 10321 is divided by 195.
181
What is the remainder when 456727 is divided by 152221?
64
Calculate the remainder when 3643 is divided by 366.
349
Calculate the remainder when 105 is divided by 17.
3
Calculate the remainder when 1398 is divided by 39.
33
Calculate the remainder when 2244 is divided by 1331.
913
Calculate the remainder when 115754 is divided by 1272.
2
Calculate the remainder when 12445 is divided by 47.
37
Calculate the remainder when 10032 is divided by 139.
24
Calculate the remainder when 47234 is divided by 317.
1
What is the remainder when 4465 is divided by 1110?
25
What is the remainder when 126721 is divided by 185?
181
What is the remainder when 848 is divided by 750?
98
Calculate the remainder when 18190 is divided by 23.
20
Calculate the remainder when 11051 is divided by 181.
10
What is the remainder when 23386 is divided by 55?
11
Calculate the remainder when 2546 is divided by 181.
12
What is the remainder when 33758 is divided by 422?
420
Calculate the remainder when 5582 